et a be w(c). Let l(m) = m - 13. Calculate l(a).
-4
Let v(n) be the second derivative of 0 + 1/2*n**3 + 229*n - 3/2*n**2. Determine v(-12).
-39
Let g(h) be the third derivative of 1/24*h**4 + 1/3*h**3 + 10*h + 8*h**2 + 0. Calculate g(0).
2
Let a(h) = 2*h - 5. Let r be 336/(-192) + ((-34)/8 - -2). What is a(r)?
-13
Let y be 6/(-39) + 50/(-13). Let d = 98 - 95. Let j(o) = 6*o - 1. Let i(p) = 7*p - 1. Let z(l) = d*i(l) + y*j(l). Give z(3).
-8
Suppose -3706*o = -3740*o - 1020. Let n(x) = 6*x + 110. Calculate n(o).
-70
Let m(b) = -6*b - 5. Let p(q) = 13*q + 11. Let i(h) = -9*m(h) - 4*p(h). Let k = 98 - 96. Let z(x) = -6*x - 3. Let g(l) = k*z(l) + 7*i(l). What is g(-3)?
-5
Suppose -54*a - 6 = -56*a, a = -h - 6. Let p(r) = 2*r - 31. Determine p(h).
-49
Let c(u) = u + 4. Suppose q = 5*j + 42, -6*q + 2*q + 243 = 5*j. Let x = q + -60. Determine c(x).
1
Let x(m) = m - 3. Let a(c) = -2*c**2 - 2*c - 1. Let t be a(-5). Suppose 5*p = -3*u + 202, -3*u = -5*p - 4*u + 194. Let z = p + t. Determine x(z).
-6
Let a(m) be the third derivative of -m**5/60 - 7*m**4/8 - 67*m**3/6 + 630*m**2. Give a(-17).
1
Suppose -24*y - 40 = -280. Let h(s) = -y*s - 5 + 9*s - 2 - 1. What is h(-5)?
-3
Suppose 80 = -37*m + 57*m. Let l(b) be the third derivative of 0*b + 2*b**2 + 1/60*b**5 - 1/4*b**4 + 0 + 1/2*b**3. Calculate l(m).
-5
Let m be 17 + -6 - (2 + 1 + 4). Let q(u) = u**3 - u**2 - 6*u + 6. Determine q(m).
30
Let t(q) = -q**2 - 22. Suppose 2*y - 5*y - 30 = -3*s, 4*s + 5*y - 4 = 0. Suppose 3 = -2*n + 3*d, 3*n - 2 = 4*d - s. Suppose n = 2*m - 7*m. Calculate t(m).
-22
Let g be (-1)/3 + (-4740)/(-1422). Let q(a) = a**2 - 2*a - 9. Determine q(g).
-6
Let l(x) = 2*x + 1 + 4 - 3 - x. Let n = 12 + -22. Let f = n + 8. What is l(f)?
0
Let w(h) = -5*h**2 - 35*h + 193. Let o(u) = 3*u**2 + 23*u - 117. Let a(d) = 8*o(d) + 5*w(d). Determine a(11).
7
Let c(n) be the second derivative of -19/2*n**2 - 7/3*n**3 + 1/20*n**5 + 0 - 1/2*n**4 + 80*n. Give c(8).
-3
Let i(s) = -s**2 - 24*s - 134. Let m be i(-16). Let z be (m/(-5))/(21*(-11)/(-385)). Let o(x) = -x**2 + 6*x - 3. Calculate o(z).
5
Let p be 135/9*(3 + (-26)/10). Let c(m) = 2*m**3 - 11*m**2 - m - 25. What is c(p)?
5
Let t(s) = s - 1 + 0*s - 11. Suppose 0 = 3*z + 11*z - 84. Let g be t(z). Let p(b) = b**3 + 5*b**2 - 6*b + 6. What is p(g)?
6
Let l be 29 - -9*76/(-36). Let m(s) = -4*s**3 + 13*s**2 - s + 7. Let y(p) = -3*p**3 + 12*p**2 - p + 7. Let h(o) = 2*m(o) - 3*y(o). Determine h(l).
3
Let h(s) = 3*s - 9. Let u be ((-6)/3)/((-236)/58 - -4). Suppose 4*m + 1 = u. Determine h(m).
12
Let f(p) = 2*p**3 + 4*p**2 + 2*p + 2. Let m = -169 + 167. Let y(g) = -g**3 - 2*g**2 - 2*g - 2. Let x(k) = m*f(k) - 3*y(k). Give x(2).
-10
Let k(r) be the third derivative of -r**6/120 - 11*r**5/60 - 11*r**4/24 + r**3/2 + 108*r**2. Let j = 32 - 42. Give k(j).
13
Suppose 16*w + w - 34 - 119 = 0. Let n(m) = m**3 - 9*m**2 - 2*m - 16. Determine n(w).
-34
Let r(i) = 1 + 7*i - 2 - 4*i. Let l be r(3). Let n(q) = 747*q - 66. Let z(x) = -136*x + 13. Let k(f) = -2*n(f) - 11*z(f). Determine k(l).
5
Let j(b) = b + 6. Let g be 285/(-38)*((-8)/3 + 2). Suppose -4*i + g*n = -386, 3*i + 18 = n + 313. Let h = -108 + i. What is j(h)?
-3
Let x(r) = 13*r - 204. Let d(o) = -3*o + 43. Let u(n) = 9*d(n) + 2*x(n). Determine u(23).
-44
Let i(t) = -36 - 17 + 6*t**2 + 66 - t + 14*t**2 - 4*t**2. Determine i(0).
13
Let u(p) be the third derivative of -p**7/5040 + 7*p**6/720 + 7*p**5/30 - p**3/2 - 15*p**2. Let i(r) be the third derivative of u(r). Give i(7).
0
Let v(u) = -15*u + 31. Let b(f) = 17*f - 41. Let c(n) = -4*b(n) - 5*v(n). Give c(-9).
-54
Suppose 5425 = -37*a + 5055. Let r(w) = -2*w**2 - 13*w + 55. Determine r(a).
-15
Let c(a) = -a**3 + 6*a**2 - 4*a - 4. Let p be (1 + 4)*(-8)/(-20). Suppose -p*u = 51 - 109. Suppose 0 = -5*d - 2*i + u, -3*i + 2*i = -3*d + 13. Give c(d).
1
Let u(z) = 2*z + 7. Let r = -333 - -335. Suppose -1 = r*h + 15. Determine u(h).
-9
Let c(g) = g**3 + 4*g**2 + g - 4. Let w = -262 - -378. Let j = w - 121. Let a be j/5 + (-6)/3. Determine c(a).
2
Let r(z) be the second derivative of -z**4/12 + z**3/6 + 3*z**2/2 + 3*z. Let y(t) = -t**3 - t**2 + 22*t - 8. Let p be y(4). What is r(p)?
3
Let c be (7/14)/(16/128). Let r(k) = 39*k - 152. What is r(c)?
4
Let c(k) = 2*k**2 - 16*k - 120. Let v be c(-6). Let n(t) = t + 14. Let b be n(-7). Let d(r) = 42*r - 91*r - b + 5*r**2 + v*r + r**3. Give d(-5).
-2
Let m(b) = 52*b - 264. Suppose 299 = -7*x + 334. Give m(x).
-4
Let a(h) = h**3 + 2*h**2 - 5*h - 3. Suppose -c + 77 + 30 = -4*u, 5*c + 32 = -u. Let q be 2*-1 - (u - -4). Let k = q + -24. Give a(k).
3
Let q(i) = -36 - 19*i - 17*i - 13*i + i**3 + 42 + 53*i. Determine q(-2).
-10
Suppose -3*k + 24 = -2*m, m + 22*k - 24*k + 16 = 0. Let p(c) = -8*c + 47. Determine p(m).
47
Let y be (-8)/(-84) + (-1272)/126. Let x be (40/y)/(3/3). Let f(l) = -l**2 - 6*l - 6. Determine f(x).
2
Let j(f) = -4*f**2 + 25*f + 8. Let x(g) = 3*g**2 - 19*g - 8. Let z(b) = 2*j(b) + 3*x(b). Suppose 0 = -5*l + 7 + 3. Let r be ((-24)/2)/(-4 + l). What is z(r)?
-14
Let w(q) = 6*q + 3*q + 11 - 4*q - q**2. Let r = 20842 - 20834. What is w(r)?
-13
Let h(l) = -159 + 310 + l + 2*l**2 + 0*l - 162. Calculate h(-8).
109
Let v(d) = -11*d - 57. Let o = 2665 + -2674. Determine v(o).
42
Let t = -44 - -48. Suppose -3*n - 6 = 0, 2*h + t = -5*n - 0. Let q(a) be the first derivative of 2*a**3/3 - 5*a**2/2 + 2*a - 13. Determine q(h).
5
Let y(a) = 3*a**2 + 6*a - 5. Let k(p) = -3*p**2 - 5*p + 4. Let t be 549/(-99) + 6/11. Let s(b) = t*y(b) - 6*k(b). What is s(2)?
13
Let w(f) = 6 + 21*f**2 - 7*f - 10 - 3 - 24*f**2. Determine w(-6).
-73
Suppose -9 = -5*f + 26. Let j(z) = -8 - z**3 + 2 + 5 + 32025*z**2 - 32017*z**2 - 9*z + 0*z**3. Determine j(f).
-15
Let n(u) = u**2 - 25*u - 135. Let r(b) = -b**3 + 30*b**2 - 179*b + 96. Let t be r(22). Calculate n(t).
15
Let v(k) = -3 + 3*k - 5 + 3. Let u be v(4). Let h(n) = -35778 + 35768 + 3*n**3 - 4*n**3 + 7*n**2. Calculate h(u).
-10
Let p(m) be the second derivative of 0 + 3/2*m**2 - 1/2*m**3 - 1/20*m**5 + 1/2*m**4 + 46*m. Give p(4).
23
Let b(p) = 2*p**2 + 10*p + 16. Let m be b(-3). Let g(j) = 12*j - 45. Calculate g(m).
3
Suppose b + z = 879, -5*z = -4 - 21. Suppose 4*w - 1031 = -k, -k - b + 363 = -2*w. Suppose 0 = -v - 251 + w. Let x(f) = -f + 2. What is x(v)?
-4
Suppose 97 = 6*b + 145. Let g(s) = s**2 + s - 8. Give g(b).
48
Let v(u) be the third derivative of -u**5/60 - u**4/6 - 3*u**3/2 - 4*u**2. Suppose -1874*j + 72 = -1886*j. Determine v(j).
-21
Suppose 3*q + q + 5 = f, -4*f - 3*q + 1 = 0. Suppose 2*g = r - 5*r - 8, 5*r = -4*g - f. Let h(d) = -d - 2. Determine h(g).
-8
Let x(h) be the first derivative of 8*h + 2 + 5/2*h**2 + 1/3*h**3. Let p = 122249 - 122255. What is x(p)?
14
Let s(x) = -32 - 27*x + 8 - 9 + 25*x - 26. Give s(-27).
-5
Let p(k) = -227 + 448 + 8*k + k**2 - 215. Give p(-6).
-6
Let v(r) = r + 1. Suppose -7*k - 5 - 9 = 0. Let m be (k - 5/(-15)) + (-4)/12. Let j(s) = 2*s**3 + 3*s**2 - 3*s - 6. Let u be j(m). Give v(u).
-3
Let d(p) = 9*p + 1. Let i(f) = -5*f**3 + 2*f + 1. Suppose -3*t - 8 = -4*q, 5*q + 5*t - t + 21 = 0. Let b be i(q). Let s be (1/b + 3/4)*-1. Give d(s).
-8
Let g(n) = -3*n**3 + 7*n**2 + 2*n + 3. Let t(j) = -j**3 + 4*j**2 + j + 2. Let l = -813 - -811. Let q(o) = l*g(o) + 5*t(o). Calculate q(-6).
-2
Let q(l) = 2*l - 29. Let n be q(17). Let s(u) be the first derivative of u**2/2 - 9*u - 36. Calculate s(n).
-4
Let a = 5742 + -5749. Let k(y) = -y**2 - 11*y + 5. Let o(q) = -q**2 - 12*q + 6. Let l(x) = -6*k(x) + 5*o(x). What is l(a)?
7
Suppose 2*l - 18 = -0*l. Let i = 13 - l. Let b(t) = -156*t**2 - 15*t + 23. Let n(m) = 85*m**2 + 8*m - 12. Let u(q) = -6*b(q) - 11*n(q). What is u(i)?
18
Let u be (4 + -6*1)*(-1155)/(-770). Let h be (2 - 4*1) + 5. Let l(n) = 4 + 4*n**h - n + 3*n**2 - 2*n**3 - n**3. Determine l(u).
7
Let z(l) = 10 + l**3 + 5 + 0*l**3. Let w be ((-144)/96)/((-6)/16*1). Suppose 14*f - w*f = -5*f. What is z(f)?
15
Let k = 8 - 14. Let a(t) be the first derivative of -t**4/4 - 7*t**3/3 - 3*t**2 + 5*t - 7179. Calculate a(k).
5
Let y(n) = -72*n - 28. Let t(p) = -121*p - 58. Let f(h) = -3*t(h) + 5*y(h). Give f(0).
34
Let w(c) = c**2 + 11*c - 23. Let t be 0*4/20 - (-13 + (29 - 6)). What is w(t)?
-33
Let o(l) be the third derivative of l**6/120 - l**5/12 - 2*l**4/3 - l**3 + 50